{"id":10,"date":"2025-08-25T20:35:45","date_gmt":"2025-08-25T18:35:45","guid":{"rendered":"https:\/\/giecowka-polanczyk.pl\/?page_id=10"},"modified":"2025-08-25T20:38:42","modified_gmt":"2025-08-25T18:38:42","slug":"giecowka-w-polanczyku","status":"publish","type":"page","link":"https:\/\/giecowka-polanczyk.pl\/","title":{"rendered":"Giec\u00f3wka w Pola\u0144czyku"},"content":{"rendered":"<div class=\"wp-block-image\">\n<figure class=\"aligncenter size-full\"><img loading=\"lazy\" decoding=\"async\" width=\"918\" height=\"298\" src=\"https:\/\/giecowka-polanczyk.pl\/wp-content\/uploads\/2025\/08\/hotel.jpg\" alt=\"\" class=\"wp-image-11\" srcset=\"https:\/\/giecowka-polanczyk.pl\/wp-content\/uploads\/2025\/08\/hotel.jpg 918w, https:\/\/giecowka-polanczyk.pl\/wp-content\/uploads\/2025\/08\/hotel-300x97.jpg 300w, https:\/\/giecowka-polanczyk.pl\/wp-content\/uploads\/2025\/08\/hotel-768x249.jpg 768w\" sizes=\"auto, (max-width: 918px) 100vw, 918px\" \/><\/figure>\n<\/div>\n\n<div class=\"wp-block-image\">\n<figure class=\"aligncenter\"><img decoding=\"async\" src=\"https:\/\/web.archive.org\/web\/20240604213629im_\/https:\/\/www.giecowka.pl\/images\/odpocznij.png\" alt=\"\"\/><\/figure>\n<\/div>\n\n\n<p>Oferujemy Pa\u0144stwu:<\/p>\n\n\n\n<ul class=\"wp-block-list\">\n<li>Pokoje 2, 3, 4, 5 osobowe z \u0142azienkami i TV<\/li>\n\n\n\n<li>Ka\u017cdy pok\u00f3j z osobnym wej\u015bciem<\/li>\n\n\n\n<li>Mo\u017cliwo\u015b\u0107 wy\u017cywienia<\/li>\n\n\n\n<li>W pobli\u017cu bary (du\u017cy wyb\u00f3r gor\u0105cych posi\u0142k\u00f3w, napoje, s\u0142odycze)<\/li>\n\n\n\n<li>Aneks kuchenny dla matki z ma\u0142ym dzieckiem<\/li>\n\n\n\n<li>Oraz domki letniskowe 10 osobowe<\/li>\n<\/ul>\n\n\n\n<p>Organizujemy ogniska, biesiady, spotkania integracyjne dla firm, grup i klas szkolnych.<br>Zapraszamy przez ca\u0142y rok. Latem nad Zalew Solina i liczne szlaki turystyczne.<br>Jesieni\u0105 zapraszamy senior\u00f3w, student\u00f3w na pe\u0142ne romantyzmu spacery.<\/p>\n\n\n\n<p>W miasteczku organizowane s\u0105 koncerty i festyny w plenerze.<br>Wypo\u017cyczalnia sprz\u0119tu p\u0142ywackiego, mo\u017cliwo\u015b\u0107 \u0142owienia ryb.<\/p>\n\n\n\n<p><strong>Liczne szlaki turystyczne w Bieszczadach. W pobli\u017cu wyci\u0105g narciarski oraz loty szybowcowe.<\/strong><\/p>\n","protected":false},"excerpt":{"rendered":"<p>Oferujemy Pa\u0144stwu: Organizujemy ogniska, biesiady, spotkania integracyjne dla firm, grup i klas szkolnych.Zapraszamy przez ca\u0142y rok. Latem nad Zalew Solina i liczne szlaki turystyczne.Jesieni\u0105 zapraszamy senior\u00f3w, student\u00f3w na pe\u0142ne romantyzmu spacery. W miasteczku organizowane s\u0105 koncerty i festyny w plenerze.Wypo\u017cyczalnia sprz\u0119tu p\u0142ywackiego, mo\u017cliwo\u015b\u0107 \u0142owienia ryb. Liczne szlaki turystyczne w Bieszczadach. W pobli\u017cu wyci\u0105g narciarski oraz [&hellip;]<\/p>\n","protected":false},"author":1,"featured_media":0,"parent":0,"menu_order":0,"comment_status":"closed","ping_status":"closed","template":"","meta":{"footnotes":""},"class_list":["post-10","page","type-page","status-publish","hentry"],"_links":{"self":[{"href":"https:\/\/giecowka-polanczyk.pl\/index.php\/wp-json\/wp\/v2\/pages\/10","targetHints":{"allow":["GET"]}}],"collection":[{"href":"https:\/\/giecowka-polanczyk.pl\/index.php\/wp-json\/wp\/v2\/pages"}],"about":[{"href":"https:\/\/giecowka-polanczyk.pl\/index.php\/wp-json\/wp\/v2\/types\/page"}],"author":[{"embeddable":true,"href":"https:\/\/giecowka-polanczyk.pl\/index.php\/wp-json\/wp\/v2\/users\/1"}],"replies":[{"embeddable":true,"href":"https:\/\/giecowka-polanczyk.pl\/index.php\/wp-json\/wp\/v2\/comments?post=10"}],"version-history":[{"count":1,"href":"https:\/\/giecowka-polanczyk.pl\/index.php\/wp-json\/wp\/v2\/pages\/10\/revisions"}],"predecessor-version":[{"id":20,"href":"https:\/\/giecowka-polanczyk.pl\/index.php\/wp-json\/wp\/v2\/pages\/10\/revisions\/20"}],"wp:attachment":[{"href":"https:\/\/giecowka-polanczyk.pl\/index.php\/wp-json\/wp\/v2\/media?parent=10"}],"curies":[{"name":"wp","href":"https:\/\/api.w.org\/{rel}","templated":true}]}}